t is the units digit of (-18)/(-27)*177*(-217)/(-2)*1?
3
Let t(w) = -41*w + 21. Let m be t(2). Let q = 61 + m. What is the units digit of 45 - (-1 + (q - -4))?
2
Suppose 42*w = 2915 + 33835. What is the tens digit of w?
7
Let y = 791 - 272. What is the units digit of 224/84*y/4?
6
Suppose 5*r + w - 6180 = 0, 10*r - 6*w - 3741 = 7*r. What is the tens digit of r?
3
Let x(v) = -8*v**3 - 12*v**2 + 20*v + 338. What is the tens digit of x(-13)?
2
Let y(s) = 24*s - 27. Let n be y(3). What is the tens digit of (35/(-21))/(n/(-8397))?
1
Let q = 95 - 45. Suppose 2*r + q = 7*r. What is the units digit of 5/r + (-137)/(-2)?
9
Let g(f) = -f**3 + 30*f**2 - 12*f - 53. Let x be g(30). Let c = 565 + x. What is the tens digit of c?
5
Suppose -9*x + 140 = x. Let n(d) = 114*d - 112. What is the hundreds digit of n(x)?
4
Let y = -942 - -856. What is the tens digit of ((-2700)/8)/(-15)*y/(-3)?
4
Let w = 556 - 38. Let p = w - 233. What is the units digit of p?
5
Suppose 92 = 4*l - 2*u, -l + 1 = u + 4*u. Suppose -12760 = -l*a - 3709. What is the hundreds digit of a?
4
Suppose 426*r + 7833133 - 9278724 = 17643469. What is the thousands digit of r?
4
Let n(w) = 2*w**2 + 54. Let x be -6 + (-10 + 0 - -4). What is the hundreds digit of n(x)?
3
Let c(z) = z - 36. Let d be c(15). Let h be 2304/d + 2/(-7). Let g = h + 269. What is the units digit of g?
9
Let u = 61337 + -34844. What is the tens digit of u?
9
Let w(d) be the second derivative of d**5/20 - 3*d**4/4 + 7*d**3/6 - 16*d**2 - 29*d. Let m be w(6). Let i = m - -270. What is the tens digit of i?
7
Let a(v) = -140*v + 18. Suppose -11*n - 58 = -25. What is the hundreds digit of a(n)?
4
Suppose -5*r + 10 = 0, 2*d + r = 4*r. Let w be -50 + (d - (-5 + 10)). Let x = w + 211. What is the hundreds digit of x?
1
Let l be 6/33 + (-48)/22. Let r be (-3)/l - (28/8 + 6). What is the units digit of r/(-4)*-3*2/(-3)?
4
What is the units digit of 9/42 - 15017625/(-882)?
7
Let m(p) = -281*p**3 - 2*p**2 + 4*p + 4. Let u be m(-1). Suppose -d = v, 4 + 12 = 2*d - 2*v. Suppose r = d*r - u. What is the tens digit of r?
9
Let n(j) = 1072*j**2 + 50*j + 498. What is the thousands digit of n(-6)?
8
What is the ten thousands digit of -19 - (-32 + 8) - -56005?
5
Let l be (110 - 35)/((-6)/(-92)). What is the hundreds digit of (-1 - l/(-15))*3?
2
Let s be (1 + -1)/(-3) + (-19 - -5). Let r be (-3632)/s - (-5)/((-35)/3). Let o = r - 182. What is the units digit of o?
7
Suppose -8*s + 10*s - 5463 = 3*d, -5*s = 3*d - 13605. What is the thousands digit of s?
2
Suppose -4*d = -1144 - 1408. What is the hundreds digit of d?
6
Suppose -18*q + 11585 + 4093 = 0. Let u = q + -710. What is the hundreds digit of u?
1
Let o be 3/((2/(-6))/(-1 + 0)). Suppose 206 = o*x - 2143. What is the units digit of x?
1
Let o = 107 + -94. Suppose o*t + 15*t = 12292. What is the hundreds digit of t?
4
Let u(q) = 372*q - 1481. What is the thousands digit of u(32)?
0
What is the units digit of (16070/2)/(1 + 6 + -6)?
5
Let h = 3490 - -49659. What is the thousands digit of h?
3
Let m(u) = -u**2 + 3*u - 6. Let h be m(4). Let y = h + 24. What is the tens digit of ((-1127)/y)/(2 + (-5)/2)?
6
Suppose -10*d = -d - 243. What is the units digit of 3*1101/d + 3/(-9)?
2
Let c(z) = z**3 - 5*z**2 + 5*z + 3. Suppose -4*n = -15 + 3. Let l be c(n). Suppose q + 4*q - 105 = l. What is the units digit of q?
1
Let c(s) be the first derivative of 3*s**2 - 21*s + 10. Let f be c(15). Let o = f + -60. What is the units digit of o?
9
Let r = 189 - 186. Suppose 4*v + 980 = 3*s, v = -3*s - r*v + 1012. What is the units digit of s?
2
Suppose 2*q = -2*x + 5236, 13084 = 22*x - 17*x + 2*q. What is the units digit of x?
6
Let l(i) = -i**2 - 19*i - 15. Let f be l(-14). Let s = 330 - f. Suppose m = -b + 92, -3*m = 3*b + m - s. What is the tens digit of b?
9
Suppose 3*f - 85731 = 21*u, -19*f + 2*u = -15*f - 114334. What is the tens digit of f?
8
Suppose -3*r = -6*r + 3*i - 18, 5*i - 15 = 2*r. Let w be (-72)/r - (162/30 - 6). Suppose w = 3*c - 270. What is the tens digit of c?
9
Suppose 1635299 = 52*a - 750617. What is the thousands digit of a?
5
Suppose 4*u + 20 + 77 = r, -4*u + 134 = 2*r. Suppose r*l - 78*l = -1058. Suppose 5*p - l = -98. What is the tens digit of p?
9
Let l be 20/(-5) + (2 + -1)*37. What is the hundreds digit of (-11)/(l/12) + 325?
3
Suppose -2*i + 4*o = -866, 5*o - 16 = -6. Suppose -15*r + 3062 - i = 0. What is the tens digit of r?
7
Suppose 10*n - 4*n = 204. Suppose -n = -5*i - 9. Suppose -2*m = -y + 82, 0*m - i*m = -5*y + 400. What is the tens digit of y?
7
Suppose 2*d - g - 2 = 1, -d + 3*g - 11 = 0. Suppose -2*k - 5*h = 263, 5*k + 4*h + 715 = 3*h. What is the units digit of (-10336)/k + d/18?
2
Let z = 22052 - 4002. What is the ten thousands digit of z?
1
Suppose 4*q + 94 = 66, -2*z + q = -46273. What is the units digit of z?
3
Let k(g) = -6 + 2*g**3 - 9*g + 6*g - 8*g**2 + 12*g. Let p be k(7). What is the units digit of p/6*(14/6 - 1)?
8
Suppose -147*a + 139*a = -7840. What is the hundreds digit of a?
9
Suppose -3055 = -6*k + 2675. Let a = -374 + k. What is the tens digit of a?
8
What is the hundreds digit of (-14 + 0)/(((-8)/(-2548))/(-1) + 0)?
4
Suppose 2*q - 615 = 7*q. Let p = -71 - q. Let a = 93 - p. What is the units digit of a?
1
Suppose -1033310 - 53847 = -94*u + 87655. What is the tens digit of u?
9
Let k be (-2*860)/4*(-4)/1. Suppose 4*g - 9*g = -5*v + k, v - 364 = 5*g. What is the tens digit of v?
3
Let x(n) = -n**2 - n - 1. Let q(h) = 5*h**2 + 6*h - 9. Let p(j) = q(j) + 3*x(j). Let m be p(-11). Suppose m = 4*k + 1. What is the tens digit of k?
4
Suppose 5*d = 5*v - 8880, -5*d + 5352 = 15*v - 12*v. What is the tens digit of v?
7
Suppose -4*p = -6*p - 5*g + 17891, -17876 = -2*p - 2*g. What is the units digit of p?
3
Let s(z) = 2648*z - 395. Let d be s(28). Suppose 9*f + 52*f - d = 0. What is the tens digit of f?
0
Let k = 12 + 126. Suppose -23*z + 44 = -12*z. Suppose z*x - k - 42 = 0. What is the tens digit of x?
4
Suppose -34*w + 24 = -42*w. What is the units digit of (-2302)/(-6) + w/(-9)?
4
Let u(k) = -51*k + 1139. What is the thousands digit of u(-54)?
3
Suppose -5*d = 3*a - 6*a + 762, 4*d - 12 = 0. Suppose 3*f + a = 97. Let v = f + 138. What is the tens digit of v?
8
Suppose -9687 = -4*r - w, 60*r - 3*w = 64*r - 9693. Suppose 0 = -2*p - 4*v + r + 1457, v - 4 = 0. What is the units digit of p?
1
Suppose -49 = -2*a + 3. Let s(v) = 6*v**2 - 3*v**2 + 4*v + 20 - a. What is the units digit of s(-5)?
9
Let g = -23849 + 34340. What is the ten thousands digit of g?
1
What is the thousands digit of -1335*5*-3*(-12)/(-36)?
6
Let p = -18733 + 26743. What is the units digit of p?
0
What is the tens digit of ((-198)/297 + 4790/12)*14?
7
Let s(z) = 2*z**3 - 28*z**2 - 28*z + 30. Let y(q) = 28*q - 236. Let p be y(9). What is the units digit of s(p)?
6
Let j(c) = -c**2 + 10*c - 17. Let w be j(7). Suppose 4*n + 5 = 5*y + 32, -2*n + w*y + 18 = 0. What is the tens digit of (-1)/(-3) - ((-1928)/n)/4?
6
Let k(a) = 2*a**2 - 37*a - 89. Let o be k(-35). Suppose -6*p - 3*h - o = -10*p, p - 903 = -2*h. What is the tens digit of p?
1
Let i = 49 - 34. Suppose -3*t = -i, 5*m + t + 2*t = -125. Let z = 116 + m. What is the tens digit of z?
8
Suppose 0*r - 12 = -3*r, 3*t - r = 93737. What is the units digit of t?
7
Let t(q) = 212*q**3 + 3*q**2 + 13. What is the hundreds digit of t(4)?
6
Let r = 4401 - 1253. What is the thousands digit of r?
3
Suppose 3*z + 5*y - 841 = 0, 3*z = -2*y + 227 + 626. Let j = z + 9. What is the tens digit of j?
9
Let s be ((-76)/12)/((-1)/309). Let m = s + -1023. Suppose -3*g = -2*q + 378, 5*q - 4*g + 2*g - m = 0. What is the tens digit of q?
8
Let y be 1 + 0/1 - (3 + -4). Suppose y*q - 104 - 30 = 0. Suppose -s + 99 = -q. What is the hundreds digit of s?
1
Let j(o) = 31376*o**3 - 44*o**2 + o - 1. What is the tens digit of j(1)?
3
Suppose 746*k + 3*u = 751*k - 74467, -4*k + 4*u = -59572. What is the ten thousands digit of k?
1
Let z(s) = -49*s + 6. Let f(l) = -l - 1. Let j(y) = 4*f(y) + z(y). Let h be j(-2). Let n = -38 + h. What is the units digit of n?
0
Suppose -24*x + 25*x - 4 = 0. Suppose -x*m + 9*m + 260 = 0. What is the hundreds digit of 682/5 - (m/20 - -2)?
1
Let m(z) = 32*z**2 + 8*z - 212. What is the thousands digit of m(-11)?
3
Suppose y = 5*i + 13338 - 3890, -4*i = -5